et s be (-4)/5*325/10. Let c = s + z. Is c prime?
False
Suppose -2*f = -2*b + 502 - 1896, 2*f - 1370 = -4*b. Suppose f = 6*c - 14937. Is c prime?
False
Suppose 3*g = -4*s + 38954, -3*g + s = -0*s - 38944. Is g composite?
True
Suppose 0 = -193*j + 188*j + 14785. Is j prime?
True
Let k = 46 - 44. Suppose -906 = -k*v + 3256. Is v composite?
False
Is 2/2 - (-7360 + (9 - 17)) a composite number?
False
Suppose -s = -1895 - 1376. Is s a composite number?
False
Suppose 5*i = -20, 3*y - i = i + 2. Let x(n) = 3*n**2 + 2*n + 3. Let o be x(y). Suppose -c + 8 = -o. Is c a prime number?
True
Let f(a) = 308*a**2 - 7*a + 259. Is f(-20) prime?
False
Suppose 9903 - 2618 = 5*p. Suppose -2*j + 6*j = -5*g + p, -2*g + 594 = -4*j. Is g composite?
False
Let n(v) = v**3 + 15*v**2 - 11*v + 12. Is n(-13) composite?
True
Suppose -8*w - 6 = -7*w. Is (3 + w)/((-3)/379) a prime number?
True
Suppose 40*r = 25*r + 192135. Is r composite?
False
Is 9 - (-37 + -10)*1286 prime?
False
Let i(s) = 81*s**3 - s + 1. Let m be i(1). Is m - ((-9)/3 - -5) a composite number?
False
Let x = -25 - -74. Let d = 34 + -24. Let g = d + x. Is g a composite number?
False
Let y = -12 + 19. Let i(m) = 5*m - 149*m**2 + m - y*m + 549*m**2. Is i(-1) composite?
False
Let q be (48/(-20))/((-4)/20). Is -3 + (248/q)/((-4)/(-210)) a prime number?
False
Let m(n) = -n**3 + 5*n**2 + n - 2. Let r be m(5). Suppose -5 = -r*c + 1. Is c - (-1 + -1062 - -4) a prime number?
True
Suppose j = -4*s + 940, -2*s + j + 464 = 3*j. Let z = -333 + s. Let n = z - -194. Is n composite?
False
Is 12377664/135 - 3/(-5) a composite number?
True
Let c = -118 - -121. Suppose 5*q - 2*r - 2*r = 1574, 0 = c*q + r - 941. Is q a prime number?
False
Suppose 6*p - 85884 = -6*p. Is p a prime number?
False
Suppose 5*v - 84 = 231. Let j = 120 - v. Let z = 110 - j. Is z prime?
True
Suppose -2*l - 3*m = -0*m - 3406, l - 1703 = -2*m. Suppose -4*w + l = 667. Is w composite?
True
Let j be (16/(-40))/(4/10). Is (-1 + j/4)*-188 composite?
True
Let v = 88 + -21. Suppose -4*j - 13 = 3*z + 3, 20 = -5*j. Suppose 4 = -z*h + h, b = 3*h + v. Is b composite?
False
Let s = -30 - -43. Let h = -4 - s. Let f(u) = -u**3 - 15*u**2 + u - 10. Is f(h) composite?
True
Let k(w) = w**3 + 37*w**2 + 20*w + 53. Is k(-27) a prime number?
True
Let o be (-34)/(-85) - 31752/5. Is 2 - (3 + (o - 0)) composite?
True
Let p be -2 + (-1 - -2) - -619. Suppose 3*h - 270 = -1491. Let d = h + p. Is d prime?
True
Suppose o - 947 = 195. Let h = -813 + o. Is h prime?
False
Let n(h) be the third derivative of h**5/60 - 13*h**4/24 + h**3/6 + 2*h**2. Let z be n(12). Is (-5729)/z - 2/(-11) a prime number?
True
Suppose i + 153314 = 15*i. Is i a composite number?
True
Suppose -2*p + 2053 = p - 4*m, 5*m + 5 = 0. Let b be ((-2)/4)/(3/(-6012)). Let g = b - p. Is g composite?
True
Suppose 33956 = 7*w + 4591. Is w a composite number?
True
Let r = -31 - -30. Let p(s) = -10*s - 3. Let c be p(r). Suppose -c*u = -5*u - 1730. Is u a prime number?
False
Let j(d) = 5*d**2 + d - 3. Let n be (2/4)/(9/90). Is j(n) a composite number?
False
Let v(j) = j - 1. Let l(d) = 81*d + 11. Let b(f) = l(f) - 4*v(f). Is b(8) a prime number?
True
Suppose 4*w = -o - 6, -5*w - 2*o - 1 = -4*o. Let y(x) = x**2 - 137*x**3 - 9 - 199*x**3 - x + 8. Is y(w) composite?
False
Let v(s) = 4*s - 2. Let p be v(0). Let g(n) = -54*n**3 + 2*n**2 - 2*n - 1. Is g(p) composite?
False
Suppose 2*s = 5 + 5. Let z(r) = r**3 - 4*r**2 - 3*r - 6. Let p be z(s). Suppose 5 = -l, -261 = 2*t - p*t - 5*l. Is t prime?
False
Suppose -3*u + 41994 = -3*o - 0*o, -69989 = -5*u + 4*o. Is u a prime number?
True
Suppose 3*b = -5*w - 0 + 6, -4*w + 4*b + 24 = 0. Suppose 2*x - 2 = x. Suppose x*v - w*v = -95. Is v a prime number?
False
Suppose 5*x - 2196 = -151. Is x composite?
False
Suppose -4*b + 4 = -k, -2*k + 12 = 3*k - 4*b. Suppose k*d = 2687 + 365. Is d composite?
True
Let x = 2446 + 1461. Is x composite?
False
Suppose -w = 37 - 9. Let z(b) = b**2 - 15*b - 3. Let o be z(11). Let a = w - o. Is a composite?
False
Let j be ((-48)/6)/(-3 - -1). Is (13666/4)/(1/(8/j)) a prime number?
True
Let h(f) = f - 3. Let u be h(6). Let r be (-10)/(-30)*(715 + (-4)/(-2)). Suppose u*s = r - 74. Is s a composite number?
True
Let x be (1 - -21) + (-8 - -4). Suppose -y = 2*y - x. Suppose 9*w = y*w + 759. Is w composite?
True
Let x(z) = -z**3 + 15*z**2 - 6. Let n(f) = -f**3 + 16*f**2 + f - 5. Let w(g) = -4*n(g) + 5*x(g). Let v be w(10). Suppose 0 = 4*c - v - 26. Is c a prime number?
True
Is ((-6)/(-9)*-311)/((-2)/111) composite?
True
Let z(v) = -v**2 - 9*v - 10. Let n be z(-7). Is 3 - (n - (3 + 957)) prime?
False
Let j(c) = 4*c**2 - 12*c - 1. Let p = -85 + 98. Is j(p) a prime number?
False
Is 3/(-13) - (-28317430)/949 prime?
False
Let s(m) = -m - 1. Let p(o) = 104*o + 4. Let h(z) = -z**2 - 2*z - 1. Let f be h(-2). Let l(k) = f*p(k) - 5*s(k). Is l(-2) a composite number?
False
Let y(m) = 2*m**3 - 5*m**2 + m + 3. Suppose 4*o + 7*f - 6*f = 29, 0 = -2*o - 3*f + 17. Is y(o) a composite number?
True
Suppose 7*h + 10 = 9*h. Suppose f - h*f = -2116. Let k = 834 - f. Is k composite?
True
Suppose -2*f - 4*z + 4 = 2*f, 1 = 4*f + z. Suppose 5 = -8*j + 9*j. Suppose -195 = -f*a - j*a. Is a composite?
True
Suppose 0 = -286*q + 292*q - 71898. Is q a prime number?
False
Let w be 522/(2 - 4)*6. Let p = -901 - w. Suppose k = 5*k + g - p, 2*g + 173 = k. Is k a prime number?
True
Let c(l) = -l + 13. Let b be c(7). Suppose 4*z + 2 - b = 0. Suppose -5 = -g - z. Is g prime?
False
Let y(h) = -62*h**2 - 4*h + 21. Let t be y(-9). Is (4/(-6))/(10/t) a composite number?
False
Let v(n) be the third derivative of n**6/120 - 23*n**5/60 + 17*n**4/24 - 5*n**3/6 + 18*n**2. Is v(24) a prime number?
False
Suppose 5*j - j + 3*h - 847 = 0, -2*j + 427 = 5*h. Is j prime?
True
Suppose 0 = 12*w - 15*w + 1623. Is w a prime number?
True
Suppose -7*y + 3*y - 3*a + 7337 = 0, 0 = -5*y + 3*a + 9205. Is y prime?
False
Let x = -3060 + 5531. Suppose x = -24*a + 31*a. Is a composite?
False
Suppose -4*p - 7393 = -33077. Is p a composite number?
False
Suppose -2*q - 10 = 4*v - 2, -q - 3*v = 0. Is ((-4406)/(-6))/((-4)/q) a prime number?
True
Suppose 5*o + 12 = j + 3*j, -o - 12 = -4*j. Suppose 2*i - 1 - 9 = o. Suppose -i*g + 182 = -3. Is g composite?
False
Let x(p) = p**3 + 23*p**2 - 24*p - 57. Is x(-21) composite?
True
Let h be 10/25*(-1837 + 2). Let n = 1146 + h. Suppose n = 4*p - 48. Is p prime?
False
Let w(s) = 40*s**2 + 19. Is w(8) a composite number?
False
Let k = -37 + 51. Let s = -10 + 17. Is 2202/k - 2/s composite?
False
Let z(g) = 5*g**2 + 61*g + 29. Is z(-53) composite?
True
Let w = 32372 - 17827. Is w composite?
True
Let r = 34 - 16. Suppose -12 - r = -3*m. Let f(i) = -i**3 + 12*i**2 - 13*i - 5. Is f(m) prime?
False
Is (-208430)/(-8) - (-144)/(-192) prime?
True
Suppose -2*p + 6*p - 4908 = 0. Let b(r) = 2*r**2 + 14*r + 12. Let n be b(16). Let i = p - n. Is i composite?
False
Suppose -490 = 24*i - 29*i. Let m = i - 164. Let b = 31 - m. Is b composite?
False
Let g = 234 + -330. Suppose -870 = d - 6*d - 5*o, -5*o - 705 = -4*d. Let x = d + g. Is x composite?
False
Suppose -l + 2*h - 4*h = -12, 2*h = 10. Suppose -l*r + 476 = r - 5*u, 3*r - u - 484 = 0. Suppose -v + r + 29 = 0. Is v composite?
False
Suppose -4*r = 3*r - 49. Is 159*3*r/21 a composite number?
True
Let i = -108 - -123. Let w(z) = 169*z + 24. Is w(i) a composite number?
True
Let j = 35 + -19. Let a = 18 - j. Suppose 0 = -3*m - a*l + 569, 5*m - 777 = 4*l + 186. Is m a composite number?
False
Suppose 6*l = 9*l - x - 4, -4*x + 8 = 0. Is (l/(-4)*2)/(1/(-2391)) composite?
True
Let q(r) = 5*r**2 + 3*r + 173. Let o(j) = 4*j**2 + 2*j + 174. Let d(g) = 6*o(g) - 5*q(g). Is d(0) a prime number?
True
Suppose -5*x = -14 - 21. Suppose x*p + p - 248 = 0. Is p a prime number?
True
Let c = 1 - 13. Let s be (-8)/(-10)*90/c. Let y = s - -37. Is y a prime number?
True
Suppose -2*x = -0*x - 12*x. Let n(q) = 2*q**2 - q + 19. Is n(x) prime?
True
Let w(o) = 4*o - 10. Let l be w(2). Is (l - (-28)/12)*0 - -178 a prime number?
False
Let b(q) be the first derivative of -53*q**4/4 - q**3 + 5*q**2/2 + 10*q - 48. Is b(-3) prime?
True
Suppose -5*y - 3*l + 1 = -0*l, 2*l - 2 = -4*y. Suppose 0*v - y*j = 5*v - 3072, 3*j = -3*v + 1845. Is v a prime number?
False
Let v be 36/(-3)*(-1 - (-5)/(-3)). Let u =